{"id":602,"date":"2022-06-10T19:21:33","date_gmt":"2022-06-10T19:21:33","guid":{"rendered":"https:\/\/demo.themedraft.net\/wp\/doctio\/?page_id=602"},"modified":"2025-06-16T11:24:43","modified_gmt":"2025-06-16T16:24:43","slug":"home-one","status":"publish","type":"page","link":"https:\/\/sangregorio.edu.ec\/planificacioninstitucional\/","title":{"rendered":"Home One"},"content":{"rendered":"\t\t<div data-elementor-type=\"wp-page\" data-elementor-id=\"602\" class=\"elementor elementor-602\">\n\t\t\t\t\t\t<section class=\"elementor-section elementor-top-section elementor-element elementor-element-23fb47a3 elementor-section-full_width elementor-section-stretched elementor-section-height-default elementor-section-height-default\" data-id=\"23fb47a3\" data-element_type=\"section\" data-settings=\"{&quot;stretch_section&quot;:&quot;section-stretched&quot;}\">\n\t\t\t\t\t\t<div class=\"elementor-container elementor-column-gap-no\">\n\t\t\t\t\t<div class=\"elementor-column elementor-col-100 elementor-top-column elementor-element elementor-element-34a99f29\" data-id=\"34a99f29\" data-element_type=\"column\">\n\t\t\t<div class=\"elementor-widget-wrap elementor-element-populated\">\n\t\t\t\t\t\t<div class=\"elementor-element elementor-element-5e98d900 elementor-widget elementor-widget-themedraft_home_slider_one\" data-id=\"5e98d900\" data-element_type=\"widget\" data-widget_type=\"themedraft_home_slider_one.default\">\n\t\t\t\t<div class=\"elementor-widget-container\">\n\t\t\t        <div class=\"td-home-slider-area\">\n            <div id=\"td-home-slider-694\" class=\"td-home-slider-wrapper\">\n\n\t\t\t\t\n                        <div class=\"td-single-slide-item td-cover-bg\" style=\"background-image: url(https:\/\/sangregorio.edu.ec\/planificacioninstitucional\/wp-content\/uploads\/2024\/08\/business-people11-scaled.jpg)\">\n                            <div class=\"td-table\">\n                                <div class=\"td-table-cell\">\n                                    <div class=\"container\">\n                                        <div class=\"row\">\n                                            <div class=\"td-slider-content-column col-xl-6 col-lg-8 col-md-11\">\n                                                <div class=\"td-slider-content-wrapper\">\n                                                    <div class=\"td-slider-content\">\n                                                        \n                                                        <div class=\"slide-subtitle\" data-animation=\"fadeInUp\" data-delay=\".5s\">\n                                                                                                                    <\/div>\n\n                                                        <div class=\"td-slide-title\" data-animation=\"fadeInUp\" data-delay=\".9s\">\n\t\t\t\t\t\t\t\t\t\t\t\t\t\t\t<h4 style=\"text-shadow: 2px 2px 4px rgba(0, 0, 0, 0.5);\">Departamento de Planificaci\u00f3n<\/h4>                                                        <\/div>\n                                                        <div class=\"td-slider-content-text\" data-animation=\"fadeInUp\"  data-delay=\"1.75s\">\n\t\t\t\t\t\t\t\t\t\t\t\t\t\t\t                                                        <\/div>\n\n\n                                                        <div class=\"slider-button-wrapper\">\n\n\t\t\t\t\t\t\t\t\t\t\t\t\t\t\t\n                                                            \n\n                                                        <\/div>\n                                                    <\/div>\n                                                <\/div>\n                                            <\/div>\n                                        <\/div>\n                                    <\/div>\n                                <\/div>\n                            <\/div>\n\n                                                    <\/div>\n\t\t\t\t\t\t            <\/div>\n        <\/div>\n\n\n\t\t\t\t\t\t<\/div>\n\t\t\t\t<\/div>\n\t\t\t\t\t<\/div>\n\t\t<\/div>\n\t\t\t\t\t<\/div>\n\t\t<\/section>\n\t\t\t\t<section class=\"elementor-section elementor-top-section elementor-element elementor-element-32047de4 elementor-section-stretched elementor-section-boxed elementor-section-height-default elementor-section-height-default\" data-id=\"32047de4\" data-element_type=\"section\" data-settings=\"{&quot;stretch_section&quot;:&quot;section-stretched&quot;}\">\n\t\t\t\t\t\t<div class=\"elementor-container elementor-column-gap-default\">\n\t\t\t\t\t<div class=\"elementor-column elementor-col-33 elementor-top-column elementor-element elementor-element-152cea3e\" data-id=\"152cea3e\" data-element_type=\"column\">\n\t\t\t<div class=\"elementor-widget-wrap elementor-element-populated\">\n\t\t\t\t\t\t<div class=\"elementor-element elementor-element-32ce59a5 elementor-widget elementor-widget-themedraft_tiwcb\" data-id=\"32ce59a5\" data-element_type=\"widget\" data-widget_type=\"themedraft_tiwcb.default\">\n\t\t\t\t<div class=\"elementor-widget-container\">\n\t\t\t\n        <div class=\"td-tiwcb-wrapper\">\n\n\n\n            <div class=\"td-tiwcb-first-image td-cover-bg\" style=\"background-image: url(https:\/\/sangregorio.edu.ec\/planificacioninstitucional\/wp-content\/uploads\/2024\/08\/young-diverse-girls-doing-project-scaled.jpg)\"><\/div>\n\n            <div class=\"td-tiwcb-second-image td-cover-bg\" style=\"background-image: url(https:\/\/sangregorio.edu.ec\/planificacioninstitucional\/wp-content\/uploads\/2024\/08\/beautiful-woman-workplace-scaled.jpg)\"><\/div>\n\n            <div class=\"td-tiwcb-third-image td-cover-bg\" style=\"background-image: url(https:\/\/sangregorio.edu.ec\/planificacioninstitucional\/wp-content\/uploads\/2024\/08\/business-owner-working-home-office-1-scaled.jpg)\">\n\t                        <\/div>\n        <\/div>\n\n\t\t\t\t<\/div>\n\t\t\t\t<\/div>\n\t\t\t\t\t<\/div>\n\t\t<\/div>\n\t\t\t\t<div class=\"elementor-column elementor-col-66 elementor-top-column elementor-element elementor-element-3f6f3408\" data-id=\"3f6f3408\" data-element_type=\"column\">\n\t\t\t<div class=\"elementor-widget-wrap elementor-element-populated\">\n\t\t\t\t\t\t<div class=\"elementor-element elementor-element-7540d4e6 elementor-widget elementor-widget-themedraft_section_title\" data-id=\"7540d4e6\" data-element_type=\"widget\" data-widget_type=\"themedraft_section_title.default\">\n\t\t\t\t<div class=\"elementor-widget-container\">\n\t\t\t\n\t\t<div class=\"td-section-title-wrapper\">\n            <div class=\"td-section-title-content td-secondary-font\">\n                \n                \n                                    <div class=\"td-section-title\">\n                        <h2>Sobre Nosotros<\/h2>                    <\/div>\n                                        <div class=\"title-bottom-line\" style=\"background-image: url(https:\/\/demo.themedraft.net\/wp\/doctio\/wp-content\/uploads\/2022\/06\/line-1.png)\"><\/div>\n                                                <\/div>\n\t\t<\/div>\n\t\t\t\t<\/div>\n\t\t\t\t<\/div>\n\t\t\t\t<div class=\"elementor-element elementor-element-555c7af0 elementor-widget elementor-widget-themedraft_text\" data-id=\"555c7af0\" data-element_type=\"widget\" data-widget_type=\"themedraft_text.default\">\n\t\t\t\t<div class=\"elementor-widget-container\">\n\t\t\t\n\t\t<div class=\"td-text-wrapper\">\n\t\t\t<p>El Departamento de Planificaci\u00f3n Institucional orienta el rumbo de la universidad a trav\u00e9s de procesos participativos, an\u00e1lisis prospectivo y una gesti\u00f3n basada en resultados. Te invitamos a indagar un poco m\u00e1s y conocer sobre nuestra labor y compromisos estrat\u00e9gicos.<\/p>\n            \t\t<\/div>\n\n\t\t\t\t<\/div>\n\t\t\t\t<\/div>\n\t\t\t\t\t<\/div>\n\t\t<\/div>\n\t\t\t\t\t<\/div>\n\t\t<\/section>\n\t\t\t\t<section class=\"elementor-section elementor-top-section elementor-element elementor-element-a34cf0e elementor-section-full_width elementor-section-stretched elementor-section-height-default elementor-section-height-default\" data-id=\"a34cf0e\" data-element_type=\"section\" data-settings=\"{&quot;stretch_section&quot;:&quot;section-stretched&quot;}\">\n\t\t\t\t\t\t<div class=\"elementor-container elementor-column-gap-default\">\n\t\t\t\t\t<div class=\"elementor-column elementor-col-100 elementor-top-column elementor-element elementor-element-5f78d302\" data-id=\"5f78d302\" data-element_type=\"column\">\n\t\t\t<div class=\"elementor-widget-wrap elementor-element-populated\">\n\t\t\t\t\t\t<div class=\"elementor-element elementor-element-57be844f elementor-hidden-desktop elementor-hidden-tablet elementor-hidden-mobile elementor-widget elementor-widget-themedraft_section_title\" data-id=\"57be844f\" data-element_type=\"widget\" data-widget_type=\"themedraft_section_title.default\">\n\t\t\t\t<div class=\"elementor-widget-container\">\n\t\t\t\n\t\t<div class=\"td-section-title-wrapper\">\n            <div class=\"td-section-title-content td-secondary-font\">\n                                    <div class=\"td-section-title-bg-text \">\n                        Blog News                    <\/div>\n                \n                                    <div class=\"td-section-subtitle td-primary-color\">\n                        Article & Tips                    <\/div>\n                \n                                    <div class=\"td-section-title\">\n                        <h2>Latest News &amp; Blog<\/h2>                    <\/div>\n                                        <div class=\"title-bottom-line\" style=\"background-image: url(https:\/\/demo.themedraft.net\/wp\/doctio\/wp-content\/uploads\/2022\/06\/line-1.png)\"><\/div>\n                                                <\/div>\n\t\t<\/div>\n\t\t\t\t<\/div>\n\t\t\t\t<\/div>\n\t\t\t\t<div class=\"elementor-element elementor-element-b33d8e0 elementor-hidden-desktop elementor-hidden-tablet elementor-hidden-mobile elementor-widget elementor-widget-themedraft_recent_post\" data-id=\"b33d8e0\" data-element_type=\"widget\" data-widget_type=\"themedraft_recent_post.default\">\n\t\t\t\t<div class=\"elementor-widget-container\">\n\t\t\t\n        <div class=\"td-recent-post-el-widget\">\n            <div class=\"container\">\n                <div id=\"td-post-slider-6548\" class=\"row td-all-posts-wrapper\">\n                    \n                        <div class=\"col-12\">\n                            <div class=\"td-single-post-item\">\n                                <article id=\"post-1549\" class=\"post-1549 post type-post status-publish format-standard hentry category-sin-categoria\">\n\n                                    <a href=\"https:\/\/sangregorio.edu.ec\/planificacioninstitucional\/2024\/08\/06\/tesd\/\" class=\"td-recent-post-thumbnail td-cover-bg\" style=\"background-image: url()\"><\/a>\n\n                                    <div class=\"td-recent-post-content\">\n                                        <div class=\"td-post-meta post-meta\">\n                                            <ul class=\"td-list-style td-list-inline\">\n\t\t\t                                    \n                                                                                                    <li><span class=\"posted-on\"><i class=\"far fa-calendar-check\"><\/i> <a href=\"https:\/\/sangregorio.edu.ec\/planificacioninstitucional\/2024\/08\/06\/tesd\/\" rel=\"bookmark\"><time class=\"entry-date published\" datetime=\"2024-08-06T14:52:39-05:00\">6 de agosto de 2024<\/time><time class=\"updated\" datetime=\"2024-08-06T14:52:41-05:00\">6 de agosto de 2024<\/time><\/a><\/span><\/li>\n\t\t\t                                                                                <\/ul>\n                                        <\/div>\n\n                                        <div class=\"td-recent-post-title\">\n                                            <a href=\"https:\/\/sangregorio.edu.ec\/planificacioninstitucional\/2024\/08\/06\/tesd\/\">\n                                                <h4 class=\"post-title\">tesd<\/h4>\n                                            <\/a>\n                                        <\/div>\n\n                                        \n                                                                                    <div class=\"td-post-read-more\">\n                                                <a class=\"td-text-button\" href=\"https:\/\/sangregorio.edu.ec\/planificacioninstitucional\/2024\/08\/06\/tesd\/\">\n                                                    Read More <i class=\"fas fa-angle-double-right\"><\/i>\n                                                <\/a>\n                                            <\/div>\n                                                                            <\/div>\n                                <\/article><!-- #post-1549 -->\n                            <\/div>\n                        <\/div>\n                    \n                        <div class=\"col-12\">\n                            <div class=\"td-single-post-item\">\n                                <article id=\"post-1547\" class=\"post-1547 post type-post status-publish format-standard hentry category-sin-categoria\">\n\n                                    <a href=\"https:\/\/sangregorio.edu.ec\/planificacioninstitucional\/2024\/08\/06\/test\/\" class=\"td-recent-post-thumbnail td-cover-bg\" style=\"background-image: url()\"><\/a>\n\n                                    <div class=\"td-recent-post-content\">\n                                        <div class=\"td-post-meta post-meta\">\n                                            <ul class=\"td-list-style td-list-inline\">\n\t\t\t                                    \n                                                                                                    <li><span class=\"posted-on\"><i class=\"far fa-calendar-check\"><\/i> <a href=\"https:\/\/sangregorio.edu.ec\/planificacioninstitucional\/2024\/08\/06\/test\/\" rel=\"bookmark\"><time class=\"entry-date published\" datetime=\"2024-08-06T14:46:05-05:00\">6 de agosto de 2024<\/time><time class=\"updated\" datetime=\"2024-08-06T14:46:07-05:00\">6 de agosto de 2024<\/time><\/a><\/span><\/li>\n\t\t\t                                                                                <\/ul>\n                                        <\/div>\n\n                                        <div class=\"td-recent-post-title\">\n                                            <a href=\"https:\/\/sangregorio.edu.ec\/planificacioninstitucional\/2024\/08\/06\/test\/\">\n                                                <h4 class=\"post-title\">test<\/h4>\n                                            <\/a>\n                                        <\/div>\n\n                                        \n                                                                                    <div class=\"td-post-read-more\">\n                                                <a class=\"td-text-button\" href=\"https:\/\/sangregorio.edu.ec\/planificacioninstitucional\/2024\/08\/06\/test\/\">\n                                                    Read More <i class=\"fas fa-angle-double-right\"><\/i>\n                                                <\/a>\n                                            <\/div>\n                                                                            <\/div>\n                                <\/article><!-- #post-1547 -->\n                            <\/div>\n                        <\/div>\n                    \n                        <div class=\"col-12\">\n                            <div class=\"td-single-post-item\">\n                                <article id=\"post-1\" class=\"post-1 post type-post status-publish format-standard hentry category-sin-categoria\">\n\n                                    <a href=\"https:\/\/sangregorio.edu.ec\/planificacioninstitucional\/2024\/08\/01\/hola-mundo\/\" class=\"td-recent-post-thumbnail td-cover-bg\" style=\"background-image: url()\"><\/a>\n\n                                    <div class=\"td-recent-post-content\">\n                                        <div class=\"td-post-meta post-meta\">\n                                            <ul class=\"td-list-style td-list-inline\">\n\t\t\t                                    \n                                                                                                    <li><span class=\"posted-on\"><i class=\"far fa-calendar-check\"><\/i> <a href=\"https:\/\/sangregorio.edu.ec\/planificacioninstitucional\/2024\/08\/01\/hola-mundo\/\" rel=\"bookmark\"><time class=\"entry-date published\" datetime=\"2024-08-01T14:18:24-05:00\">1 de agosto de 2024<\/time><time class=\"updated\" datetime=\"2024-08-06T14:51:17-05:00\">6 de agosto de 2024<\/time><\/a><\/span><\/li>\n\t\t\t                                                                                <\/ul>\n                                        <\/div>\n\n                                        <div class=\"td-recent-post-title\">\n                                            <a href=\"https:\/\/sangregorio.edu.ec\/planificacioninstitucional\/2024\/08\/01\/hola-mundo\/\">\n                                                <h4 class=\"post-title\">\u00a1Hola mundo!<\/h4>\n                                            <\/a>\n                                        <\/div>\n\n                                        \n                                                                                    <div class=\"td-post-read-more\">\n                                                <a class=\"td-text-button\" href=\"https:\/\/sangregorio.edu.ec\/planificacioninstitucional\/2024\/08\/01\/hola-mundo\/\">\n                                                    Read More <i class=\"fas fa-angle-double-right\"><\/i>\n                                                <\/a>\n                                            <\/div>\n                                                                            <\/div>\n                                <\/article><!-- #post-1 -->\n                            <\/div>\n                        <\/div>\n                    \n                        <div class=\"col-12\">\n                            <div class=\"td-single-post-item\">\n                                <article id=\"post-559\" class=\"post-559 post type-post status-publish format-standard has-post-thumbnail hentry category-dental-surgery category-uncategorized tag-ent tag-eye-ear-care\">\n\n                                    <a href=\"https:\/\/sangregorio.edu.ec\/planificacioninstitucional\/2022\/06\/10\/study-finds-link-between-early-stages-of-brain-and-heart-disease\/\" class=\"td-recent-post-thumbnail td-cover-bg\" style=\"background-image: url(https:\/\/sangregorio.edu.ec\/planificacioninstitucional\/wp-content\/uploads\/2022\/06\/blog-1.jpg)\"><\/a>\n\n                                    <div class=\"td-recent-post-content\">\n                                        <div class=\"td-post-meta post-meta\">\n                                            <ul class=\"td-list-style td-list-inline\">\n\t\t\t                                    \n                                                                                                    <li><span class=\"posted-on\"><i class=\"far fa-calendar-check\"><\/i> <a href=\"https:\/\/sangregorio.edu.ec\/planificacioninstitucional\/2022\/06\/10\/study-finds-link-between-early-stages-of-brain-and-heart-disease\/\" rel=\"bookmark\"><time class=\"entry-date published\" datetime=\"2022-06-10T18:00:02-05:00\">10 de junio de 2022<\/time><time class=\"updated\" datetime=\"2024-08-06T14:51:17-05:00\">6 de agosto de 2024<\/time><\/a><\/span><\/li>\n\t\t\t                                                                                <\/ul>\n                                        <\/div>\n\n                                        <div class=\"td-recent-post-title\">\n                                            <a href=\"https:\/\/sangregorio.edu.ec\/planificacioninstitucional\/2022\/06\/10\/study-finds-link-between-early-stages-of-brain-and-heart-disease\/\">\n                                                <h4 class=\"post-title\">Study finds link between early stages of ...<\/h4>\n                                            <\/a>\n                                        <\/div>\n\n                                        \n                                                                                    <div class=\"td-post-read-more\">\n                                                <a class=\"td-text-button\" href=\"https:\/\/sangregorio.edu.ec\/planificacioninstitucional\/2022\/06\/10\/study-finds-link-between-early-stages-of-brain-and-heart-disease\/\">\n                                                    Read More <i class=\"fas fa-angle-double-right\"><\/i>\n                                                <\/a>\n                                            <\/div>\n                                                                            <\/div>\n                                <\/article><!-- #post-559 -->\n                            <\/div>\n                        <\/div>\n                                    <\/div>\n            <\/div>\n                        <script>\n                (function ($) {\n                    \"use strict\";\n                    $(document).ready(function () {\n                        $(\"#td-post-slider-6548\").slick({\n                            slidesToShow: \"3\",\n                            autoplay: false,\n                            autoplaySpeed: null, \/\/interval\n                            speed: 1500, \/\/ slide speed\n                            dots: false,\n                            arrows: false,\n                            prevArrow: '<i class=\"slick-arrow slick-prev flaticon-long-left-arrow\"><\/i>',\n                            nextArrow: '<i class=\"slick-arrow slick-next flaticon-long-right-arrow\"><\/i>',\n                            infinite:  true,\n                            pauseOnHover: false,\n                            centerMode: false,\n                            responsive: [\n                                {\n                                    breakpoint: 1025,\n                                    settings: {\n                                        slidesToShow: 2, \/\/ 992-1024\n                                        arrows: false,\n                                    }\n                                },\n                                {\n                                    breakpoint: 992,\n                                    settings: {\n                                        slidesToShow: 2, \/\/768-991\n                                        arrows: false,\n                                    }\n                                },\n                                {\n                                    breakpoint: 768,\n                                    settings: {\n                                        slidesToShow: 1, \/\/ 0 -767\n                                        arrows: false,\n                                    }\n                                }\n                            ]\n                        });\n                    });\n                })(jQuery);\n            <\/script>\n                    <\/div>\n\t\t\t\t<\/div>\n\t\t\t\t<\/div>\n\t\t\t\t\t<\/div>\n\t\t<\/div>\n\t\t\t\t\t<\/div>\n\t\t<\/section>\n\t\t\t\t<\/div>\n\t\t","protected":false},"excerpt":{"rendered":"<p>Departamento de Planificaci\u00f3n Sobre Nosotros El Departamento de Planificaci\u00f3n Institucional orienta el rumbo de la universidad a trav\u00e9s de procesos participativos, an\u00e1lisis prospectivo y una gesti\u00f3n basada en resultados. Te invitamos a indagar un poco m\u00e1s y conocer sobre nuestra labor y compromisos estrat\u00e9gicos. Blog News Article &#038; Tips Latest News &amp; Blog 6 de [&hellip;]<\/p>\n","protected":false},"author":1,"featured_media":0,"parent":0,"menu_order":0,"comment_status":"closed","ping_status":"closed","template":"elementor_header_footer","meta":{"footnotes":""},"class_list":["post-602","page","type-page","status-publish","hentry"],"_links":{"self":[{"href":"https:\/\/sangregorio.edu.ec\/planificacioninstitucional\/wp-json\/wp\/v2\/pages\/602","targetHints":{"allow":["GET"]}}],"collection":[{"href":"https:\/\/sangregorio.edu.ec\/planificacioninstitucional\/wp-json\/wp\/v2\/pages"}],"about":[{"href":"https:\/\/sangregorio.edu.ec\/planificacioninstitucional\/wp-json\/wp\/v2\/types\/page"}],"author":[{"embeddable":true,"href":"https:\/\/sangregorio.edu.ec\/planificacioninstitucional\/wp-json\/wp\/v2\/users\/1"}],"replies":[{"embeddable":true,"href":"https:\/\/sangregorio.edu.ec\/planificacioninstitucional\/wp-json\/wp\/v2\/comments?post=602"}],"version-history":[{"count":41,"href":"https:\/\/sangregorio.edu.ec\/planificacioninstitucional\/wp-json\/wp\/v2\/pages\/602\/revisions"}],"predecessor-version":[{"id":1732,"href":"https:\/\/sangregorio.edu.ec\/planificacioninstitucional\/wp-json\/wp\/v2\/pages\/602\/revisions\/1732"}],"wp:attachment":[{"href":"https:\/\/sangregorio.edu.ec\/planificacioninstitucional\/wp-json\/wp\/v2\/media?parent=602"}],"curies":[{"name":"wp","href":"https:\/\/api.w.org\/{rel}","templated":true}]}}