{"id":971,"date":"2022-06-08T21:33:08","date_gmt":"2022-06-08T21:33:08","guid":{"rendered":"https:\/\/sangregorio.edu.ec\/observatoriociudadano\/?post_type=product&#038;p=971"},"modified":"2022-06-09T00:07:57","modified_gmt":"2022-06-09T00:07:57","slug":"boletin-de-cierre-hacia-comunidades-resilientes-en-manabi","status":"publish","type":"product","link":"https:\/\/sangregorio.edu.ec\/observatoriociudadano\/informes\/boletin-de-cierre-hacia-comunidades-resilientes-en-manabi\/","title":{"rendered":"Bolet\u00edn de cierre: \u00abHacia comunidades resilientes en Manab\u00ed\u00bb"},"content":{"rendered":"","protected":false},"excerpt":{"rendered":"<p>En febrero de 2019 inici\u00f3 la iniciativa \u201cHacia comunidades resilientes en Manab\u00ed\u201d, que durante tres a\u00f1os llev\u00f3 a cabo acciones con el fin de activar la participaci\u00f3n de la academia y las organizaciones de la sociedad civil en el proceso de reconstrucci\u00f3n y reactivaci\u00f3n productiva, luego del terremoto del 16 de abril de 2016. Este bolet\u00edn de cierre refleja sus resultados m\u00e1s representativos.<\/p>\n<a href=\"https:\/\/grupofaro.org\/wp-content\/uploads\/2022\/06\/BOLETIN-CIERRE-META_compressed-1.pdf\" target=\"_self\" class=\"button primary\"  >\n    <span>descargar documento<\/span>\n  <i class=\"icon-angle-right\" ><\/i><\/a>\n\n","protected":false},"featured_media":974,"template":"","meta":[],"product_cat":[16,17],"product_tag":[],"class_list":["post-971","product","type-product","status-publish","has-post-thumbnail","hentry","product_cat-informes","product_cat-boletines"],"acf":[],"_links":{"self":[{"href":"https:\/\/sangregorio.edu.ec\/observatoriociudadano\/wp-json\/wp\/v2\/product\/971","targetHints":{"allow":["GET"]}}],"collection":[{"href":"https:\/\/sangregorio.edu.ec\/observatoriociudadano\/wp-json\/wp\/v2\/product"}],"about":[{"href":"https:\/\/sangregorio.edu.ec\/observatoriociudadano\/wp-json\/wp\/v2\/types\/product"}],"wp:featuredmedia":[{"embeddable":true,"href":"https:\/\/sangregorio.edu.ec\/observatoriociudadano\/wp-json\/wp\/v2\/media\/974"}],"wp:attachment":[{"href":"https:\/\/sangregorio.edu.ec\/observatoriociudadano\/wp-json\/wp\/v2\/media?parent=971"}],"wp:term":[{"taxonomy":"product_cat","embeddable":true,"href":"https:\/\/sangregorio.edu.ec\/observatoriociudadano\/wp-json\/wp\/v2\/product_cat?post=971"},{"taxonomy":"product_tag","embeddable":true,"href":"https:\/\/sangregorio.edu.ec\/observatoriociudadano\/wp-json\/wp\/v2\/product_tag?post=971"}],"curies":[{"name":"wp","href":"https:\/\/api.w.org\/{rel}","templated":true}]}}