{"id":556,"date":"2021-11-10T02:24:57","date_gmt":"2021-11-10T02:24:57","guid":{"rendered":"https:\/\/intelecta.ec\/comunidadresiliente\/?post_type=product&#038;p=556"},"modified":"2022-03-16T21:27:27","modified_gmt":"2022-03-16T21:27:27","slug":"resumen-de-los-avances-logrados-en-la-agenda-de-reactivacion-productiva-para-impulsar-el-valor-agregado-local-de-la-provincia-de-manabi","status":"publish","type":"product","link":"https:\/\/sangregorio.edu.ec\/observatoriociudadano\/informes\/resumen-de-los-avances-logrados-en-la-agenda-de-reactivacion-productiva-para-impulsar-el-valor-agregado-local-de-la-provincia-de-manabi\/","title":{"rendered":"Resumen de los avances logrados en la Agenda de Reactivaci\u00f3n productiva para impulsar el valor agregado local de la provincia de Manab\u00ed"},"content":{"rendered":"","protected":false},"excerpt":{"rendered":"<p>\u00bfQu\u00e9 avances tiene la Agenda de Reactivaci\u00f3n Productiva para Manab\u00ed, en cuanto al impulso del valor agregado local?<\/p>\n<p>En el marco de la iniciativa Hacia Comunidades Resilientes en Manab\u00ed, el Observatorio Ciudadano, liderado por Grupo FARO y la Universidad San Gregario de Portoviejo, presentan en este fact fact sheet un resumen de los resultados obtenidos al analizar las metas de este objetivo priorizado.<\/p>\n<a href=\"https:\/\/sangregorio.edu.ec\/observatoriociudadano\/wp-content\/uploads\/2022\/03\/FACTSHEET-2-MANABI-Valor-agregado-local-finalizado-agosto-31_compressed.pdf\" target=\"_self\" class=\"button primary\"  >\n    <span>descargar documento<\/span>\n  <i class=\"icon-angle-right\" ><\/i><\/a>\n\n","protected":false},"featured_media":563,"template":"","meta":[],"product_cat":[18],"product_tag":[],"class_list":["post-556","product","type-product","status-publish","has-post-thumbnail","hentry","product_cat-fact-sheet"],"acf":[],"_links":{"self":[{"href":"https:\/\/sangregorio.edu.ec\/observatoriociudadano\/wp-json\/wp\/v2\/product\/556","targetHints":{"allow":["GET"]}}],"collection":[{"href":"https:\/\/sangregorio.edu.ec\/observatoriociudadano\/wp-json\/wp\/v2\/product"}],"about":[{"href":"https:\/\/sangregorio.edu.ec\/observatoriociudadano\/wp-json\/wp\/v2\/types\/product"}],"wp:featuredmedia":[{"embeddable":true,"href":"https:\/\/sangregorio.edu.ec\/observatoriociudadano\/wp-json\/wp\/v2\/media\/563"}],"wp:attachment":[{"href":"https:\/\/sangregorio.edu.ec\/observatoriociudadano\/wp-json\/wp\/v2\/media?parent=556"}],"wp:term":[{"taxonomy":"product_cat","embeddable":true,"href":"https:\/\/sangregorio.edu.ec\/observatoriociudadano\/wp-json\/wp\/v2\/product_cat?post=556"},{"taxonomy":"product_tag","embeddable":true,"href":"https:\/\/sangregorio.edu.ec\/observatoriociudadano\/wp-json\/wp\/v2\/product_tag?post=556"}],"curies":[{"name":"wp","href":"https:\/\/api.w.org\/{rel}","templated":true}]}}