{"id":456,"date":"2021-11-05T19:57:40","date_gmt":"2021-11-05T19:57:40","guid":{"rendered":"https:\/\/intelecta.ec\/comunidadresiliente\/?post_type=product&#038;p=456"},"modified":"2022-03-17T15:55:49","modified_gmt":"2022-03-17T15:55:49","slug":"resiliencia-y-reactivacion-que-mismo-paso-en-manabi","status":"publish","type":"product","link":"https:\/\/sangregorio.edu.ec\/observatoriociudadano\/informes\/resiliencia-y-reactivacion-que-mismo-paso-en-manabi\/","title":{"rendered":"Resiliencia y reactivaci\u00f3n \u00bfQu\u00e9 mismo pas\u00f3 en Manab\u00ed?"},"content":{"rendered":"","protected":false},"excerpt":{"rendered":"<p>El Primer Informe de Reactivaci\u00f3n Productiva y Econ\u00f3mica para Manab\u00ed, busca transparentar el avance en la implementaci\u00f3n de la Agenda de Reactivaci\u00f3n Productiva y Econ\u00f3mica de las zonas afectadas por el terremoto del pasado 16 de abril de 2016. Este trabajo analiza el avance program\u00e1tico de la Agenda de Reactivaci\u00f3n, en tres objetivos priorizados por la Mesa Ciudadana: Valor Agregado Local, Infraestructura Productiva, Promoci\u00f3n de Inversiones y Turismo.<\/p>\n<p>Adem\u00e1s presenta una propuesta metodol\u00f3gica para analizar los impactos de estos avances en la generaci\u00f3n de capacidades resilientes en la provincia.<\/p>\n<a href=\"https:\/\/sangregorio.edu.ec\/observatoriociudadano\/wp-content\/uploads\/2022\/03\/REACTIVACION-MANABI-FINAL18-2020__compressed.pdf\" target=\"_self\" class=\"button primary\"  >\n    <span>descargar documento<\/span>\n  <i class=\"icon-angle-right\" ><\/i><\/a>\n\n","protected":false},"featured_media":457,"template":"","meta":[],"product_cat":[16],"product_tag":[],"class_list":["post-456","product","type-product","status-publish","has-post-thumbnail","hentry","product_cat-informes"],"acf":[],"_links":{"self":[{"href":"https:\/\/sangregorio.edu.ec\/observatoriociudadano\/wp-json\/wp\/v2\/product\/456","targetHints":{"allow":["GET"]}}],"collection":[{"href":"https:\/\/sangregorio.edu.ec\/observatoriociudadano\/wp-json\/wp\/v2\/product"}],"about":[{"href":"https:\/\/sangregorio.edu.ec\/observatoriociudadano\/wp-json\/wp\/v2\/types\/product"}],"wp:featuredmedia":[{"embeddable":true,"href":"https:\/\/sangregorio.edu.ec\/observatoriociudadano\/wp-json\/wp\/v2\/media\/457"}],"wp:attachment":[{"href":"https:\/\/sangregorio.edu.ec\/observatoriociudadano\/wp-json\/wp\/v2\/media?parent=456"}],"wp:term":[{"taxonomy":"product_cat","embeddable":true,"href":"https:\/\/sangregorio.edu.ec\/observatoriociudadano\/wp-json\/wp\/v2\/product_cat?post=456"},{"taxonomy":"product_tag","embeddable":true,"href":"https:\/\/sangregorio.edu.ec\/observatoriociudadano\/wp-json\/wp\/v2\/product_tag?post=456"}],"curies":[{"name":"wp","href":"https:\/\/api.w.org\/{rel}","templated":true}]}}